-3)/(-2)). What is s(o)?
-4
Let m(d) = d**3 - 1 + 3*d**2 - 7*d - 3 + 0 - 2. Give m(-4).
6
Let g(b) = -b**3 - 3*b**2 - 2*b - 1. Let c = 5 + -2. Let o = 3 + c. Let y be 2 - (-8)/o*-3. What is g(y)?
-1
Let r(h) = 4*h - 7. Let c(u) = u - 6*u + 8 + 2*u + 4*u. Let f be c(-3). What is r(f)?
13
Let c(t) = -t + 4. Suppose -4*b = -3*m - b + 6, 2*m + 3*b = 24. Let y = m - 4. Give c(y).
2
Suppose 4*q = 2*z, 0 = 5*q - 13 - 7. Suppose 3*i = i + z. Let u(g) = 2*g**2 - 4*g - 5. What is u(i)?
11
Let b(n) = n**3 - 2*n**2 - 4*n - 2. Let h(a) = -2*a. Let s be h(1). Calculate b(s).
-10
Let b(k) = -2*k**2 + 5*k - 6. Let u(j) = j**2 + 1. Let v(n) = n**3 + 2*n**2 - 5*n - 2. Let q be v(-3). Let y(t) = q*u(t) + b(t). Calculate y(-4).
10
Let v(a) = 4*a**2 - 1002*a - 5*a**2 + 1004*a. What is v(-2)?
-8
Let f(r) = -2*r - 2*r + 2 - 3. Give f(-1).
3
Suppose -2*y = -5*v - 23 - 14, 7 = 2*y + v. Let j(d) = d + 2. Calculate j(y).
8
Let q(a) = -6*a. Let w(b) = -b**2 - 5*b + 7. Suppose -o = 6 - 0. Let c be w(o). Suppose 4 + c = -5*y. Calculate q(y).
6
Let k(g) be the second derivative of -g**5/10 - g**3/3 - g**2/2 - g. Let r be (-6)/27 - 52/9. Let j be ((-2)/3)/(r/(-9)). Calculate k(j).
3
Suppose -11 = -2*i - 5*j, 3*i - j - 6 - 19 = 0. Let p(c) = 3*c + i*c**3 - 5*c**3 - 2*c**3 + c**2 + 3. Let a be (-6)/21 + (-24)/14. What is p(a)?
-7
Let u(o) = 63 - 62 + o - 3*o. Suppose 5*p - m = 2*m + 2, 2 = -5*p + 2*m. Let j be u(p). Let z(h) = -h + 6. What is z(j)?
1
Suppose -3*a - 1 - 8 = 0. Let w be -5*-3*a/9. Let o(h) = -h + 1. Calculate o(w).
6
Let g be (4/10)/(2/5). Let f(p) be the first derivative of -p**5/20 + p**4/24 - 2*p**3/3 - 1. Let z(l) be the third derivative of f(l). Give z(g).
-5
Let l(o) = -o**3 - 5*o**2 + o + 4. Let b be l(-5). Let c be (-8)/(1/b + -1). Let p(s) = -4*s + 5. What is p(c)?
-11
Suppose -2 = t - 7. Let y(q) = -5*q**2 + 1. Let f(h) be the second derivative of h**4/2 - h**3/6 - h**2/2 + 7*h. Let n(j) = 6*f(j) + 7*y(j). Calculate n(t).
-4
Let p(a) be the second derivative of -2/3*a**3 + 1/12*a**4 - 3*a**2 + 0 + 2*a. Give p(5).
-1
Let c(s) be the second derivative of -s**5/20 + 5*s**4/12 + s**2/2 - 25*s. Determine c(4).
17
Let t(q) = q - 10 + 10. Let f(m) = -m - 1. Let k(o) = f(o) - 5*t(o). Give k(-2).
11
Let a(k) = -k + 5. Let m(x) = x**3 + 3*x**2 - x + 3. Let t be m(-3). Suppose -7*l + t*l = -3. What is a(l)?
2
Suppose -5*d + 63 = -12. Suppose y = -4*y + d. Let w(m) = -5*m**2 + 2*m + 1 - m**3 + 0*m**2 + y*m**2. Determine w(-2).
-3
Let u be -1 + (-77)/21 + (-2)/6. Let x(z) = z**3 + 6*z**2 + 3*z - 5. Determine x(u).
5
Suppose 0 = 2*n - 3*n - 5*q - 23, 2*q = -10. Let d(i) = 8*i**3 - i**3 - i**3 + i**n. What is d(1)?
7
Let j(x) = 14*x + 19*x + 3 - 34*x + 1. Suppose 0 = 6*s - s - 20. Determine j(s).
0
Let d(g) = -g**2 - 3*g + 1. Let t = 5 + -8. Let q be d(t). Let o(j) = -2*j. Calculate o(q).
-2
Let m(y) = y - 3. Let l(z) = z**2 - 1. Suppose 0*x + 21 = 4*x - w, 3*w + 35 = 5*x. Suppose -n - x*s - 8 = s, -s + 6 = 4*n. Let q be l(n). Give m(q).
0
Let w(p) = p - 10. Let a be 3/9 + (-3)/9. Give w(a).
-10
Let t(w) = -w**2 + 4*w - 4. Let p = 3 - 3. Suppose 4*y = -p*y + 16. Calculate t(y).
-4
Let t(b) = -b**3 + 6*b**2 + 3*b - 9. Let c = -16 + 22. What is t(c)?
9
Let r(z) = 5*z**3 - 10*z**2 - 12*z + 23. Let c(x) = 2*x**3 - 3*x**2 - 4*x + 8. Let d(w) = -8*c(w) + 3*r(w). What is d(-5)?
0
Suppose 8 = 3*l - r, 7 = 3*l + r - 3*r. Let k(j) = -j**2 + 9*j - 6. Let z be k(8). Let v(s) = 6 - 5 - s**3 + 4*s**2 - l*s**2 - z. Calculate v(-2).
11
Let l(h) = -3*h**2 - 3*h. Let f be l(-2). Let q(g) = -g**3 - 7*g**2 - 6*g + 4. Determine q(f).
4
Let s be 3 - (-2 - -8) - 1. Let h(m) = m**2 + 7*m - 2. Give h(s).
-14
Let s(g) = -3*g**3 - g**2 - g - 1. Suppose 5*b - 5*y + 10 = 0, -3*b - 4*y = -b - 2. Determine s(b).
2
Let u = -34 + 2. Let z = u + -3. Let b be (-2)/(-7) - 60/z. Let k(m) = -5*m + 3. Give k(b).
-7
Let g(u) = -u**2 + 2*u - 1. Let d(h) = h**2 - 3*h + 2. Let k(r) = 4*d(r) + 7*g(r). Calculate k(2).
-7
Let a(l) be the second derivative of l**5/20 + l**4/2 + 2*l**3/3 + 2*l**2 - l. Suppose -5*q - 5*q - 50 = 0. What is a(q)?
9
Let u(i) = i**2 - i + 1. Let p(c) = 4*c**2 - c**2 - 6*c**3 + 3 - 2*c + c**2 + 0. Let b(y) = p(y) - 3*u(y). Calculate b(-1).
6
Let p(l) = 6*l + 7. Let y(n) = -n - 1. Let j(w) = 6*p(w) + 42*y(w). Give j(-1).
6
Let x(y) = 22*y**2 - 5*y - 5 + 2 - 23*y**2. Let g be x(-4). Let f(s) = 2*s - 3*s**3 - 1 - 3*s**2 + 3*s**2. What is f(g)?
-2
Let m(n) = 3*n**3 - 3*n**2 + n - 3. Let g(l) = 10*l**3 - 10*l**2 + 3*l - 9. Let p(j) = 2*g(j) - 7*m(j). What is p(0)?
3
Let s(x) = -14*x**2 + 6*x + 9. Let a(c) = -c**2 + 8*c - 1. Let d be a(6). Let q(z) = 5*z**2 - 2*z - 3. Let h(g) = d*q(g) + 4*s(g). Determine h(3).
0
Let l be -1*(-3)/(-6)*-10. Suppose 4*g + l*o = 32, 5*g + 2*o = 4*g + 11. Let x(h) = 2*h + 2*h - 2*h. Give x(g).
6
Let d be ((-3)/(-9))/((-3)/(-27)). Let n(r) = 0*r**2 - 2*r**2 + 2 + r**3 - r**d + 4*r - r**3. Determine n(-3).
-1
Let w(q) = -q**2 - q. Let n be 4*1*(-7)/(-28). Let v be n/5 - 2/10. Give w(v).
0
Let a be (-2)/9 - (-350)/(-45). Let m be (2/(-4))/(4/a). Let j(i) = 8*i**3 + i**2 + i - 1. Give j(m).
9
Let r(b) be the third derivative of -b**4/24 + b**3/3 + 16*b**2. Calculate r(0).
2
Let p(b) = -3*b - 55. Let f be p(-19). Let l(k) be the second derivative of 3*k - 4/3*k**3 + 0 + 1/12*k**4 + 2*k**f. Determine l(6).
-8
Let o(k) = k**2 + 4*k - 1. Let i be o(-4). Let g(t) = 21*t**3 + 1. Determine g(i).
-20
Let y(l) = 0*l - 2*l**2 - 2*l**3 + l**3 + l - 3. Suppose -37 = -4*x + 55. Suppose -3*t - x = -2*t + 4*n, 21 = -2*t - 3*n. What is y(t)?
3
Let c(r) = r + 1. Let o be c(-7). Let k(v) = 2*v + 8. Calculate k(o).
-4
Let c(j) = -j**2 + j - 1. Let h(i) = 7*i**2 + 2*i + 5. Let v(o) = 6*c(o) + h(o). Give v(-4).
-17
Let c(n) = -n**2 - 12*n + 2. Let a(m) = 6*m - 1. Let p(h) = -5*a(h) - 2*c(h). Suppose 1 - 3 = -2*b - 2*l, 2*b + 4*l = -4. What is p(b)?
9
Let h(d) = 6*d**2 - 9 - 1 + 5 + 3*d + d**2 - d**3 - 2*d**2. Let p be (6 - (1 + 0))*1. Calculate h(p).
10
Suppose -i - 2*d - 8 = 0, i - d = 3*d - 2. Let y(t) be the first derivative of -3*t**2 - 1/3*t**3 - 2 + 2*t. Give y(i).
2
Let u(r) = r**2 + 3*r - 3. Let m be (-6)/(-2)*3 + -2. Let z be (-5 - -5) + (5 - 0) + -3. Suppose 0 = -n - m + z. Calculate u(n).
7
Let h(z) = -z**3 - 7*z**2 - 4*z - 3. Let f = 28 + -34. What is h(f)?
-15
Let q(u) = u**2 + 2*u - 4. Let c be q(-3). Suppose 0 = 3*i - 5 - 13. Let k(d) = -2*d**2 - d. Let y(j) = -2*j**2 - j. Let h(m) = i*y(m) - 7*k(m). Calculate h(c).
1
Let l(m) = m**3 - 12*m**2 + 11*m - 2. Let v be (-1 - -2)/((-1)/(-11)). What is l(v)?
-2
Let m(t) be the second derivative of t**3/3 + t**2 - 16*t. Let w = -2 - -3. Suppose -y = -4 - w. Determine m(y).
12
Suppose -2*r = -4*k - 8, 4 = 4*r - 5*k - 6. Let f(w) = w + 7. Calculate f(r).
7
Let o(f) = -3*f**2 - f + 2. Let n be (-1 - 0)*(-4 + 2). What is o(n)?
-12
Let s(v) = -v. Let w(i) = -i**2 + 2*i - 1. Let p(l) = 5*s(l) - w(l). Calculate p(6).
-5
Let x(a) be the first derivative of a**4/4 - 2*a**3/3 - 3*a**2/2 + a + 1. Let j(l) = 3*l**3 - 3*l**2 + l + 1. Let h be j(1). What is x(h)?
-5
Suppose -2*f + 20 = 3*f. Let y(z) be the third derivative of -z**4/24 + z**3/6 - 10*z**2. Calculate y(f).
-3
Let y(h) = -5*h**2 - 24*h - 5. Let p(c) = -c**2 - 6*c - 1. Let k(g) = 9*p(g) - 2*y(g). Let u be 2*-1 - 27/(-1). Suppose 4*m - u = -m. What is k(m)?
-4
Suppose 0 = 5*w - 5*m, 0 = -4*w - m - 0*m + 15. Let v(c) = 5*c**2 - 3*c - 3. Let l(p) = -6*p**2 + 3*p + 3. Let r(a) = 4*l(a) + 5*v(a). Calculate r(w).
-3
Let b be 70/40 + 1/4. Let s(v) = -2*v**2 + 2*v - 1. Give s(b).
-5
Let v(k) = 8*k + 3*k - 20*k + 7*k. Determine v(4).
-8
Let n(s) = -2*s**2 + 4*s + 1. Suppose -7*l = -3*l - 28. Let q = l + -4. Calculate n(q).
-5
Let y(d) = -d**3 - 6*d**2 - 5*d + 1. Let h = 23 - 28. Give y(h).
1
Suppose -5*v + 2*v = -15, -2*w = -3*v + 11. Let o(d) = d + d - 3*d - w. What is o(-2)?
0
Let w = -10 + 18. Let r(f) = 5*f**2 - 15*f - 17. Let x(t) = -3*t**2 + 10*t + 11. Let m(u) = w*x(u) + 5*r(u). Give m(-5).
3
Suppose 4*j = -2*o + 16, -2*j - 5*o - 8 + 24 = 0. Suppose 0*y - j*y = -3. Let k(x) = -2 + x + 4 - y. Calculate k(3).
4
Let h(v) = v**2 + 8*v - 6. Let r(a) = -2*a**2 - 9*a + 7. Let z(t) = -3*h(t) - 2*r(t). Calculate z(5).
-1
Let v be 1*(1 - (-4)/(-3))*-12. Let g(z) = -z**2 + 2*z - 2. Give g(v